 greatest common factor of 41832 and 359352?
504
Calculate the highest common divisor of 3936 and 13572480.
96
Calculate the highest common divisor of 37568 and 928.
32
Calculate the highest common factor of 6068 and 2325931.
37
What is the highest common divisor of 603 and 3131244?
9
Calculate the greatest common factor of 96518 and 26.
2
What is the greatest common factor of 35424 and 17964?
36
Calculate the highest common divisor of 8 and 999848.
8
Calculate the highest common factor of 26290448 and 24.
8
Calculate the greatest common factor of 4393 and 729.
1
What is the greatest common divisor of 2 and 11604862?
2
What is the greatest common factor of 30175 and 222514?
71
What is the highest common divisor of 4519914 and 7889?
161
Calculate the highest common divisor of 1392 and 448108.
116
Calculate the greatest common divisor of 9393655 and 235.
235
Calculate the greatest common divisor of 124 and 24353600.
124
What is the greatest common divisor of 13763985 and 15947?
431
What is the greatest common divisor of 12036438 and 3?
3
What is the greatest common divisor of 23667488 and 48?
16
Calculate the greatest common factor of 788451 and 12816.
267
What is the greatest common factor of 32604 and 1668?
12
What is the greatest common factor of 1629 and 6209929?
181
What is the greatest common factor of 46303925 and 25?
25
What is the highest common factor of 9 and 534771?
9
Calculate the greatest common divisor of 117924864 and 5007.
5007
What is the highest common factor of 1469 and 14209?
13
What is the highest common divisor of 455 and 175693245?
455
Calculate the greatest common divisor of 8330 and 28805.
35
Calculate the greatest common divisor of 747 and 19409799.
249
Calculate the greatest common divisor of 7930 and 1006070.
130
Calculate the greatest common factor of 7 and 81918599.
7
Calculate the highest common divisor of 46 and 778707067.
23
Calculate the highest common divisor of 1559168 and 57728.
128
Calculate the highest common factor of 11706026 and 1319722.
3062
What is the highest common factor of 3785168 and 1328?
16
What is the greatest common factor of 2686 and 9509086?
34
Calculate the greatest common factor of 200 and 16523648.
8
What is the highest common divisor of 485668 and 5888?
92
Calculate the greatest common factor of 3183 and 994321455.
3183
Calculate the greatest common divisor of 54 and 7081542.
18
Calculate the greatest common factor of 37568 and 153232.
16
Calculate the highest common factor of 34 and 525295053.
17
Calculate the greatest common factor of 33417954 and 3978.
306
What is the greatest common factor of 130934050 and 52?
26
What is the highest common factor of 8862 and 44756054?
2954
What is the greatest common factor of 1672667 and 482453?
2449
Calculate the greatest common divisor of 1748 and 36880824.
76
Calculate the highest common divisor of 1528575675 and 15.
15
Calculate the greatest common divisor of 2369 and 109.
1
What is the highest common factor of 37 and 199368173?
37
Calculate the greatest common divisor of 2992759 and 8371.
11
Calculate the greatest common factor of 44745 and 181094790.
2355
Calculate the greatest common divisor of 83700290 and 222.
74
Calculate the greatest common divisor of 11633796 and 72.
36
What is the greatest common divisor of 558 and 62068680?
18
Calculate the highest common divisor of 183201 and 802166.
79
What is the highest common factor of 28 and 544615652?
28
Calculate the greatest common factor of 28418 and 14389345.
1093
Calculate the greatest common factor of 30 and 12199794.
6
Calculate the greatest common factor of 7525 and 11027975.
175
What is the highest common factor of 22820432 and 16?
16
Calculate the greatest common divisor of 2937717165 and 15.
15
Calculate the greatest common factor of 42713490 and 54.
6
Calculate the greatest common factor of 983826 and 42.
6
Calculate the highest common factor of 2251919 and 5091.
1697
What is the greatest common factor of 22268 and 153532?
1172
Calculate the highest common divisor of 477909292 and 140.
28
Calculate the greatest common divisor of 34234407 and 3483.
3483
Calculate the highest common divisor of 10824 and 440228316.
5412
What is the highest common factor of 128175136 and 349?
349
What is the greatest common divisor of 46387 and 4820031?
4217
What is the greatest common divisor of 200 and 10852850?
50
Calculate the greatest common divisor of 138680827 and 1678.
839
Calculate the highest common factor of 65 and 138684650.
65
What is the highest common divisor of 1711 and 218689?
29
Calculate the highest common factor of 362856858 and 1608.
402
What is the highest common factor of 29155092 and 198204?
2388
What is the greatest common factor of 598067 and 310329?
1189
What is the greatest common divisor of 16 and 7597956?
4
What is the highest common factor of 243 and 17774181?
27
What is the greatest common factor of 4237145 and 40?
5
What is the highest common divisor of 10575 and 475095975?
3525
Calculate the greatest common factor of 51661587 and 1437.
1437
What is the greatest common divisor of 262446480 and 25664?
6416
Calculate the greatest common factor of 36 and 4091996.
4
Calculate the highest common divisor of 47604870 and 12.
6
What is the highest common factor of 8273318 and 41747?
109
Calculate the greatest common factor of 404322 and 1983225.
2559
Calculate the highest common factor of 8332632 and 1080.
216
What is the highest common factor of 140444440 and 920?
920
What is the highest common divisor of 20487272 and 448?
8
What is the highest common divisor of 414936 and 10404?
612
What is the highest common factor of 71510248 and 268124?
15772
Calculate the highest common divisor of 105 and 541968.
21
Calculate the highest common divisor of 2621826 and 11300.
226
Calculate the greatest common factor of 104176000 and 1020.
340
Calculate the greatest common divisor of 2881472 and 10241.
11
Calculate the greatest common factor of 8141 and 4113531.
1163
What is the highest common factor of 1139985 and 132165?
495
Calculate the highest common divisor of 814 and 71314947.
407
Calculate the highest common factor of 1944242 and 6.
2
What is the greatest common factor of 90573 and 5187?
399
Calculate the highest common divisor of 56390712 and 38199.
2247
Calculate the highest common divisor of 68755 and 2295.
5
Calculate the highest common factor of 1043 and 137130511.
1043
What is the highest common factor of 1430832 and 48?
48
Calculate the highest common divisor of 1664 and 93670272.
128
What is the greatest common factor of 4296 and 2112558?
1074
What is the greatest common factor of 56747810 and 14041?
739
What is the greatest common divisor of 403153 and 7462?
41
What is the highest common factor of 3896162 and 272?
34
Calculate the highest common divisor of 305 and 28809690.
305
What is the greatest common factor of 296514 and 80342?
578
Calculate the greatest common factor of 113520 and 386320.
880
Calculate the highest common factor of 1026886 and 32.
2
What is the greatest common factor of 1904854086 and 603?
603
What is the highest common factor of 6005 and 121301?
1201
What is the greatest common divisor of 10161963 and 64827?
1323
What is the greatest common divisor of 90454600 and 1800?
200
What is the highest common factor of 26136 and 743880?
24
Calculate the greatest common factor of 3508 and 977855.
877
Calculate the greatest common divisor of 28538 and 127112758.
1502
Calculate the highest common factor of 881155752 and 8538.
8538
Calculate the highest common factor of 546478999 and 11.
11
Calculate the greatest common factor of 3820880 and 33740.
140
What is the highest common factor of 987632 and 64?
16
What is the greatest common factor of 6574499 and 19277?
521
Calculate the highest common factor of 120453070 and 367.
367
What is the greatest common divisor of 1831236 and 13992?
132
Calculate the greatest common factor of 34401801 and 145.
29
What is the highest common divisor of 7612 and 263892124?
692
What is the greatest common divisor of 975545901 and 1683?
1683
Calculate the greatest common factor of 4021861 and 835.
167
Calculate the greatest common divisor of 4861782 and 10386.
18
Calculate the highest common divisor of 418009 and 16.
1
What is the 